{"id":3059,"date":"2023-04-17T21:19:12","date_gmt":"2023-04-17T21:19:12","guid":{"rendered":"https:\/\/opendte.cl\/factura-electronica\/?page_id=3059"},"modified":"2023-10-28T02:39:41","modified_gmt":"2023-10-28T02:39:41","slug":"por-que-usar-factura-electronica","status":"publish","type":"page","link":"https:\/\/www.opendte.cl\/factura-electronica\/por-que-usar-factura-electronica\/","title":{"rendered":"Por qu\u00e9 usar Factura Electr\u00f3nica"},"content":{"rendered":"<style>.kb-row-layout-wrap.wp-block-kadence-rowlayout.kb-row-layout-id3059_6945e8-24{margin-top:0px;margin-bottom:0px;}.kb-row-layout-id3059_6945e8-24 > .kt-row-column-wrap{align-content:start;}:where(.kb-row-layout-id3059_6945e8-24 > .kt-row-column-wrap) > .wp-block-kadence-column{justify-content:start;}.kb-row-layout-id3059_6945e8-24 > .kt-row-column-wrap{column-gap:var(--global-kb-gap-none, 0rem );row-gap:var(--global-kb-gap-none, 0rem );max-width:1140px;margin-left:auto;margin-right:auto;padding-top:0px;padding-right:0px;padding-bottom:0px;padding-left:0px;grid-template-columns:minmax(0, calc(45% - ((var(--global-kb-gap-none, 0rem ) * 1 )\/2)))minmax(0, calc(55% - ((var(--global-kb-gap-none, 0rem ) * 1 )\/2)));}.kb-row-layout-id3059_6945e8-24 > .kt-row-layout-overlay{opacity:0.30;}@media all and (max-width: 1024px){.kb-row-layout-wrap.wp-block-kadence-rowlayout.kb-row-layout-id3059_6945e8-24{margin-top:0px;margin-bottom:0px;}}@media all and (max-width: 1024px){.kb-row-layout-id3059_6945e8-24 > .kt-row-column-wrap{padding-top:0px;padding-right:100px;padding-bottom:0px;padding-left:100px;grid-template-columns:minmax(0, 1fr);}}@media all and (max-width: 767px){.kb-row-layout-id3059_6945e8-24 > .kt-row-column-wrap{padding-right:0px;padding-left:0px;grid-template-columns:minmax(0, 1fr);}}<\/style><div class=\"kb-row-layout-wrap kb-row-layout-id3059_6945e8-24 alignnone wp-block-kadence-rowlayout\"><div class=\"kt-row-column-wrap kt-has-2-columns kt-row-layout-equal kt-tab-layout-row kt-mobile-layout-row kt-row-valign-top\">\n<style>.kadence-column3059_d46a54-05 > .kt-inside-inner-col{padding-top:0px;padding-right:0px;padding-bottom:0px;padding-left:0px;}.kadence-column3059_d46a54-05 > .kt-inside-inner-col{border-top:6px solid var(--global-palette9, #ffffff);border-right:6px solid var(--global-palette9, #ffffff);border-bottom:6px solid var(--global-palette9, #ffffff);border-left:6px solid var(--global-palette9, #ffffff);}.kadence-column3059_d46a54-05 > .kt-inside-inner-col,.kadence-column3059_d46a54-05 > .kt-inside-inner-col:before{border-top-left-radius:9px;border-top-right-radius:9px;border-bottom-right-radius:9px;border-bottom-left-radius:9px;}.kadence-column3059_d46a54-05 > .kt-inside-inner-col{column-gap:var(--global-kb-gap-sm, 1rem);}.kadence-column3059_d46a54-05 > .kt-inside-inner-col{flex-direction:column;}.kadence-column3059_d46a54-05 > .kt-inside-inner-col > .aligncenter{width:100%;}.kadence-column3059_d46a54-05 > .kt-inside-inner-col:before{opacity:0.3;}.kadence-column3059_d46a54-05{position:relative;}.kadence-column3059_d46a54-05, .kt-inside-inner-col > .kadence-column3059_d46a54-05:not(.specificity){margin-top:-80px;margin-right:0px;margin-bottom:0px;margin-left:0px;}@media all and (max-width: 1024px){.kadence-column3059_d46a54-05 > .kt-inside-inner-col{padding-top:0px;padding-right:0px;padding-bottom:0px;padding-left:30px;border-top:6px solid var(--global-palette9, #ffffff);border-right:6px solid var(--global-palette9, #ffffff);border-bottom:6px solid var(--global-palette9, #ffffff);border-left:6px solid var(--global-palette9, #ffffff);flex-direction:column;justify-content:center;}}@media all and (max-width: 1024px){.kadence-column3059_d46a54-05, .kt-inside-inner-col > .kadence-column3059_d46a54-05:not(.specificity){margin-top:-150px;margin-right:0px;margin-bottom:0px;margin-left:0px;}}@media all and (max-width: 767px){.kadence-column3059_d46a54-05 > .kt-inside-inner-col{padding-top:0px;padding-right:30px;padding-bottom:0px;padding-left:30px;border-top:6px solid var(--global-palette9, #ffffff);border-right:6px solid var(--global-palette9, #ffffff);border-bottom:6px solid var(--global-palette9, #ffffff);border-left:6px solid var(--global-palette9, #ffffff);flex-direction:column;justify-content:center;}.kadence-column3059_d46a54-05, .kt-inside-inner-col > .kadence-column3059_d46a54-05:not(.specificity){margin-top:-120px;margin-right:0px;margin-bottom:0px;margin-left:0px;}}<\/style>\n<div class=\"wp-block-kadence-column kadence-column3059_d46a54-05 inner-column-1\"><div class=\"kt-inside-inner-col\"><style>.wp-block-kadence-advancedgallery.kb-gallery-wrap-id-3059_aa87dd-86{margin-top:0px;margin-right:0px;margin-bottom:0px;margin-left:0px;}.wp-block-kadence-advancedgallery .kb-gallery-type-grid.kb-gallery-id-3059_aa87dd-86{margin:-0px;}.kb-gallery-type-grid.kb-gallery-id-3059_aa87dd-86 .kadence-blocks-gallery-item{padding:0px;}.kb-gallery-id-3059_aa87dd-86 .kadence-blocks-gallery-item .kb-gal-image-radius, .kb-gallery-id-3059_aa87dd-86 .kb-slide-item .kb-gal-image-radius img{border-radius:5px 5px 5px 5px;;}<\/style><div class=\"kb-gallery-wrap-id-3059_aa87dd-86 alignnone img-border wp-block-kadence-advancedgallery\"><ul class=\"kb-gallery-ul kb-gallery-non-static kb-gallery-type-grid kb-gallery-id-3059_aa87dd-86 kb-gallery-caption-style-bottom-hover kb-gallery-filter-none\" data-image-filter=\"none\" data-item-selector=\".kadence-blocks-gallery-item\" data-lightbox-caption=\"true\" data-columns-xxl=\"1\" data-columns-xl=\"1\" data-columns-md=\"1\" data-columns-sm=\"1\" data-columns-xs=\"1\" data-columns-ss=\"1\"><li class=\"kadence-blocks-gallery-item\" tabindex=\"0\"><div class=\"kadence-blocks-gallery-item-inner\"><figure class=\"kb-gallery-figure kadence-blocks-gallery-item-hide-caption\"><div class=\"kb-gal-image-radius\" style=\"max-width:600px;\"><div class=\"kb-gallery-image-contain kadence-blocks-gallery-intrinsic kb-gallery-image-ratio-inherit kb-has-image-ratio-inherit\" style=\"padding-bottom:125%;\"><img loading=\"lazy\" decoding=\"async\" src=\"https:\/\/opendte.cl\/factura-electronica\/wp-content\/uploads\/2023\/08\/servicio-nonstop-opendte.jpg\" width=\"600\" height=\"751\" alt=\"\" data-full-image=\"https:\/\/opendte.cl\/factura-electronica\/wp-content\/uploads\/2023\/08\/servicio-nonstop-opendte.jpg\" data-light-image=\"https:\/\/opendte.cl\/factura-electronica\/wp-content\/uploads\/2023\/08\/servicio-nonstop-opendte.jpg\" data-id=\"3253\" class=\"wp-image-3253\" srcset=\"https:\/\/www.opendte.cl\/factura-electronica\/wp-content\/uploads\/2023\/08\/servicio-nonstop-opendte.jpg 600w, https:\/\/www.opendte.cl\/factura-electronica\/wp-content\/uploads\/2023\/08\/servicio-nonstop-opendte-240x300.jpg 240w\" sizes=\"auto, (max-width: 600px) 100vw, 600px\" \/><\/div><\/div><\/figure><\/div><\/li><\/ul><\/div><\/div><\/div>\n\n\n<style>.kadence-column3059_bdf55a-6d > .kt-inside-inner-col{padding-top:30px;padding-right:30px;padding-bottom:0px;padding-left:20px;}.kadence-column3059_bdf55a-6d > .kt-inside-inner-col,.kadence-column3059_bdf55a-6d > .kt-inside-inner-col:before{border-top-left-radius:0px;border-top-right-radius:0px;border-bottom-right-radius:0px;border-bottom-left-radius:0px;}.kadence-column3059_bdf55a-6d > .kt-inside-inner-col{column-gap:var(--global-kb-gap-sm, 1rem);}.kadence-column3059_bdf55a-6d > .kt-inside-inner-col{flex-direction:column;}.kadence-column3059_bdf55a-6d > .kt-inside-inner-col > .aligncenter{width:100%;}.kadence-column3059_bdf55a-6d > .kt-inside-inner-col:before{opacity:0.3;}.kadence-column3059_bdf55a-6d{position:relative;}.kadence-column3059_bdf55a-6d, .kt-inside-inner-col > .kadence-column3059_bdf55a-6d:not(.specificity){margin-top:0px;margin-right:0px;margin-bottom:0px;margin-left:0px;}@media all and (max-width: 1024px){.kadence-column3059_bdf55a-6d > .kt-inside-inner-col{padding-top:0px;padding-right:20px;padding-bottom:0px;padding-left:20px;flex-direction:column;justify-content:center;}}@media all and (max-width: 767px){.kadence-column3059_bdf55a-6d > .kt-inside-inner-col{flex-direction:column;justify-content:center;}}<\/style>\n<div class=\"wp-block-kadence-column kadence-column3059_bdf55a-6d inner-column-2\"><div class=\"kt-inside-inner-col\"><style>.kb-row-layout-id3059_68a0f4-06 > .kt-row-column-wrap{align-content:start;}:where(.kb-row-layout-id3059_68a0f4-06 > .kt-row-column-wrap) > .wp-block-kadence-column{justify-content:start;}.kb-row-layout-id3059_68a0f4-06 > .kt-row-column-wrap{column-gap:var(--global-kb-gap-none, 0rem );row-gap:var(--global-kb-gap-none, 0rem );max-width:1140px;margin-left:auto;margin-right:auto;padding-top:0px;padding-right:30px;padding-bottom:30px;padding-left:30px;grid-template-columns:minmax(0, 1fr);}.kb-row-layout-id3059_68a0f4-06{border-top-left-radius:9px;border-top-right-radius:9px;border-bottom-right-radius:9px;border-bottom-left-radius:9px;overflow:clip;isolation:isolate;}.kb-row-layout-id3059_68a0f4-06 > .kt-row-layout-overlay{border-top-left-radius:9px;border-top-right-radius:9px;border-bottom-right-radius:9px;border-bottom-left-radius:9px;}.kb-row-layout-id3059_68a0f4-06 > .kt-row-layout-overlay{opacity:0.30;}@media all and (max-width: 1024px){.kb-row-layout-id3059_68a0f4-06 > .kt-row-column-wrap{grid-template-columns:minmax(0, 1fr);}}@media all and (max-width: 767px){.kb-row-layout-id3059_68a0f4-06 > .kt-row-column-wrap{padding-top:20px;padding-right:10px;padding-bottom:20px;padding-left:10px;grid-template-columns:minmax(0, 1fr);}}<\/style><div class=\"kb-row-layout-wrap kb-row-layout-id3059_68a0f4-06 alignnone has-theme-palette9-background-color kt-row-has-bg wp-block-kadence-rowlayout\"><div class=\"kt-row-column-wrap kt-has-1-columns kt-row-layout-equal kt-tab-layout-inherit kt-mobile-layout-row kt-row-valign-top\">\n<style>.kadence-column3059_fc0b54-c2 > .kt-inside-inner-col{padding-top:10px;padding-right:10px;padding-bottom:10px;padding-left:10px;}.kadence-column3059_fc0b54-c2 > .kt-inside-inner-col,.kadence-column3059_fc0b54-c2 > .kt-inside-inner-col:before{border-top-left-radius:0px;border-top-right-radius:0px;border-bottom-right-radius:0px;border-bottom-left-radius:0px;}.kadence-column3059_fc0b54-c2 > .kt-inside-inner-col{column-gap:var(--global-kb-gap-sm, 1rem);}.kadence-column3059_fc0b54-c2 > .kt-inside-inner-col{flex-direction:column;}.kadence-column3059_fc0b54-c2 > .kt-inside-inner-col > .aligncenter{width:100%;}.kadence-column3059_fc0b54-c2 > .kt-inside-inner-col:before{opacity:0.3;}.kadence-column3059_fc0b54-c2{position:relative;}@media all and (max-width: 1024px){.kadence-column3059_fc0b54-c2 > .kt-inside-inner-col{flex-direction:column;justify-content:center;}}@media all and (max-width: 767px){.kadence-column3059_fc0b54-c2 > .kt-inside-inner-col{flex-direction:column;justify-content:center;}}<\/style>\n<div class=\"wp-block-kadence-column kadence-column3059_fc0b54-c2 inner-column-1\"><div class=\"kt-inside-inner-col\"><style>.wp-block-kadence-advancedheading.kt-adv-heading3059_16f73e-3d, .wp-block-kadence-advancedheading.kt-adv-heading3059_16f73e-3d[data-kb-block=\"kb-adv-heading3059_16f73e-3d\"]{margin-top:0px;margin-bottom:32px;font-size:var(--global-kb-font-size-xl, 3rem);line-height:1.2em;font-style:normal;}.wp-block-kadence-advancedheading.kt-adv-heading3059_16f73e-3d mark.kt-highlight, .wp-block-kadence-advancedheading.kt-adv-heading3059_16f73e-3d[data-kb-block=\"kb-adv-heading3059_16f73e-3d\"] mark.kt-highlight{font-style:normal;color:#f76a0c;-webkit-box-decoration-break:clone;box-decoration-break:clone;padding-top:0px;padding-right:0px;padding-bottom:0px;padding-left:0px;}.wp-block-kadence-advancedheading.kt-adv-heading3059_16f73e-3d img.kb-inline-image, .wp-block-kadence-advancedheading.kt-adv-heading3059_16f73e-3d[data-kb-block=\"kb-adv-heading3059_16f73e-3d\"] img.kb-inline-image{width:150px;vertical-align:baseline;}<\/style>\n<h3 class=\"kt-adv-heading3059_16f73e-3d wp-block-kadence-advancedheading\" data-kb-block=\"kb-adv-heading3059_16f73e-3d\">GARANT\u00cdA DE SERVICIO NON<strong>STOP<\/strong><\/h3>\n\n\n\n<p>Con m\u00e1s de 15 a\u00f1os de trayectoria en software de facturaci\u00f3n electr\u00f3nica, en OpenDTE entendemos a cabalidad los requerimientos reales de negocios de todo tama\u00f1o para implementar la emisi\u00f3n de documentos tributarios electr\u00f3nicos.<\/p>\n\n\n\n<p>Nuestra amplia experiencia nos permite ofrecer soluciones personalizadas para distintos tipos de empresas y niveles de complejidad en sus operaciones. Trabajamos de la mano con nuestros clientes para garantizar una transici\u00f3n sin inconvenientes a la factura y boleta electr\u00f3nica.<\/p>\n\n\n\n<p>Nuestro enfoque est\u00e1 puesto en la optimizaci\u00f3n de procesos, reducci\u00f3n de costos operativos y el impulso de la productividad en cada negocio. Ponemos nuestro know-how de m\u00e1s de 15 a\u00f1os al servicio del \u00e9xito de tu empresa.<\/p>\n\n\n\n<p>Algunas de las ventajas de nuestra soluci\u00f3n, son las siguientes:<\/p>\n\n\n\n<ul class=\"wp-block-list\">\n<li>Integraci\u00f3n Online para que el control de la facturaci\u00f3n la mantenga 100% el software ERP.<\/li>\n\n\n\n<li>Compatible con sistemas ERP y desarrollos Propios.<\/li>\n\n\n\n<li>No requiere pagar por productos adicionales al utilizar los mejores productos Opensource.<\/li>\n\n\n\n<li>Opera en Forma automatizada.<\/li>\n\n\n\n<li>Acceso a Base de Datos para interacci\u00f3n con sistema del cliente.<\/li>\n\n\n\n<li>Soluciones escalables seg\u00fan tama\u00f1o y necesidades.<\/li>\n<\/ul>\n<\/div><\/div>\n\n<\/div><\/div><\/div><\/div>\n\n<\/div><\/div>","protected":false},"excerpt":{"rendered":"<p>GARANT\u00cdA DE SERVICIO NONSTOP Con m\u00e1s de 15 a\u00f1os de trayectoria en software de facturaci\u00f3n electr\u00f3nica, en OpenDTE entendemos a cabalidad los requerimientos reales de negocios de todo tama\u00f1o para implementar la emisi\u00f3n de documentos tributarios electr\u00f3nicos. Nuestra amplia experiencia nos permite ofrecer soluciones personalizadas para distintos tipos de empresas y niveles de complejidad en&#8230;<\/p>\n","protected":false},"author":1,"featured_media":0,"parent":0,"menu_order":0,"comment_status":"closed","ping_status":"closed","template":"","meta":{"_monsterinsights_skip_tracking":false,"_monsterinsights_sitenote_active":false,"_monsterinsights_sitenote_note":"","_monsterinsights_sitenote_category":0,"_kad_post_transparent":"disable","_kad_post_title":"hide","_kad_post_layout":"","_kad_post_sidebar_id":"","_kad_post_content_style":"","_kad_post_vertical_padding":"","_kad_post_feature":"","_kad_post_feature_position":"","_kad_post_header":false,"_kad_post_footer":false,"_kad_post_classname":"","footnotes":""},"class_list":["post-3059","page","type-page","status-publish","hentry"],"aioseo_notices":[],"_links":{"self":[{"href":"https:\/\/www.opendte.cl\/factura-electronica\/wp-json\/wp\/v2\/pages\/3059","targetHints":{"allow":["GET"]}}],"collection":[{"href":"https:\/\/www.opendte.cl\/factura-electronica\/wp-json\/wp\/v2\/pages"}],"about":[{"href":"https:\/\/www.opendte.cl\/factura-electronica\/wp-json\/wp\/v2\/types\/page"}],"author":[{"embeddable":true,"href":"https:\/\/www.opendte.cl\/factura-electronica\/wp-json\/wp\/v2\/users\/1"}],"replies":[{"embeddable":true,"href":"https:\/\/www.opendte.cl\/factura-electronica\/wp-json\/wp\/v2\/comments?post=3059"}],"version-history":[{"count":5,"href":"https:\/\/www.opendte.cl\/factura-electronica\/wp-json\/wp\/v2\/pages\/3059\/revisions"}],"predecessor-version":[{"id":3353,"href":"https:\/\/www.opendte.cl\/factura-electronica\/wp-json\/wp\/v2\/pages\/3059\/revisions\/3353"}],"wp:attachment":[{"href":"https:\/\/www.opendte.cl\/factura-electronica\/wp-json\/wp\/v2\/media?parent=3059"}],"curies":[{"name":"wp","href":"https:\/\/api.w.org\/{rel}","templated":true}]}}